{"version":"1.0","provider_name":"CONSTANT - Conferin\u0163a studen\u0163easc\u0103 anual\u0103 &quot;Nicolae Titulescu&quot;","provider_url":"http:\/\/george2.univnt.ro","author_name":"adming2","author_url":"http:\/\/george2.univnt.ro\/index.php\/author\/adming2\/","title":"\u201eLet\u2019s Do It, Romania!\u201d - CONSTANT - Conferin\u0163a studen\u0163easc\u0103 anual\u0103 &quot;Nicolae Titulescu&quot;","type":"rich","width":600,"height":338,"html":"<blockquote class=\"wp-embedded-content\" data-secret=\"yhCsFG6GzR\"><a href=\"http:\/\/george2.univnt.ro\/index.php\/lets-do-it-romania\/\">\u201eLet\u2019s Do It, Romania!\u201d<\/a><\/blockquote><iframe sandbox=\"allow-scripts\" security=\"restricted\" src=\"http:\/\/george2.univnt.ro\/index.php\/lets-do-it-romania\/embed\/#?secret=yhCsFG6GzR\" width=\"600\" height=\"338\" title=\"&#8220;\u201eLet\u2019s Do It, Romania!\u201d&#8221; &#8212; CONSTANT - Conferin\u0163a studen\u0163easc\u0103 anual\u0103 &quot;Nicolae Titulescu&quot;\" data-secret=\"yhCsFG6GzR\" frameborder=\"0\" marginwidth=\"0\" marginheight=\"0\" scrolling=\"no\" class=\"wp-embedded-content\"><\/iframe><script>\n\/*! This file is auto-generated *\/\n!function(c,l){\"use strict\";var e=!1,o=!1;if(l.querySelector)if(c.addEventListener)e=!0;if(c.wp=c.wp||{},c.wp.receiveEmbedMessage);else if(c.wp.receiveEmbedMessage=function(e){var t=e.data;if(!t);else if(!(t.secret||t.message||t.value));else if(\/[^a-zA-Z0-9]\/.test(t.secret));else{for(var r,s,a,i=l.querySelectorAll('iframe[data-secret=\"'+t.secret+'\"]'),n=l.querySelectorAll('blockquote[data-secret=\"'+t.secret+'\"]'),o=0;o<n.length;o++)n[o].style.display=\"none\";for(o=0;o<i.length;o++)if(r=i[o],e.source!==r.contentWindow);else{if(r.removeAttribute(\"style\"),\"height\"===t.message){if(1e3<(s=parseInt(t.value,10)))s=1e3;else if(~~s<200)s=200;r.height=s}if(\"link\"===t.message)if(s=l.createElement(\"a\"),a=l.createElement(\"a\"),s.href=r.getAttribute(\"src\"),a.href=t.value,a.host===s.host)if(l.activeElement===r)c.top.location.href=t.value}}},e)c.addEventListener(\"message\",c.wp.receiveEmbedMessage,!1),l.addEventListener(\"DOMContentLoaded\",t,!1),c.addEventListener(\"load\",t,!1);function t(){if(o);else{o=!0;for(var e,t,r,s=-1!==navigator.appVersion.indexOf(\"MSIE 10\"),a=!!navigator.userAgent.match(\/Trident.*rv:11\\.\/),i=l.querySelectorAll(\"iframe.wp-embedded-content\"),n=0;n<i.length;n++){if(!(r=(t=i[n]).getAttribute(\"data-secret\")))r=Math.random().toString(36).substr(2,10),t.src+=\"#?secret=\"+r,t.setAttribute(\"data-secret\",r);if(s||a)(e=t.cloneNode(!0)).removeAttribute(\"security\"),t.parentNode.replaceChild(e,t);t.contentWindow.postMessage({message:\"ready\",secret:r},\"*\")}}}}(window,document);\n<\/script>\n","description":"\u00cen\u00a0Anul Voluntariatului, prin intermediul celui mai mare proiect de voluntariat din Romania,\u00a0\u201eLet\u2019s Do It, Romania!\u201d, rom\u00e2nii au demonstrat c\u0103 le pas\u0103 de natur\u0103 \u015fi de \u0163ara \u00een care locuiesc \u015fi au ie\u015fit s\u0103 cure\u0163e \u00eentreaga Rom\u00e2nie de de\u015feuri \u00eentr-o singur\u0103 zi. Peste\u00a0250 000 de romani\u00a0au participat la Ziua de Cur\u0103\u0163enie Na\u0163ional\u0103, dep\u0103\u015find succesul \u00eenregistrat anul [&hellip;]"}

CONSTANT - Conferinţa studenţească anuală &quot;Nicolae Titulescu&quot;

„Let’s Do It, Romania!” - CONSTANT - Conferinţa studenţească anuală &quot;Nicolae Titulescu&quot;

<blockquote class="wp-embedded-content" data-secret="yhCsFG6GzR"><a href="http://george2.univnt.ro/index.php/lets-do-it-romania/">„Let’s Do It, Romania!”</a></blockquote><iframe sandbox="allow-scripts" security="restricted" src="http://george2.univnt.ro/index.php/lets-do-it-romania/embed/#?secret=yhCsFG6GzR" width="600" height="338" title="&#8220;„Let’s Do It, Romania!”&#8221; &#8212; CONSTANT - Conferinţa studenţească anuală &quot;Nicolae Titulescu&quot;" data-secret="yhCsFG6GzR" frameborder="0" marginwidth="0" marginheight="0" scrolling="no" class="wp-embedded-content"></iframe><script>
/*! This file is auto-generated */
!function(c,l){"use strict";var e=!1,o=!1;if(l.querySelector)if(c.addEventListener)e=!0;if(c.wp=c.wp||{},c.wp.receiveEmbedMessage);else if(c.wp.receiveEmbedMessage=function(e){var t=e.data;if(!t);else if(!(t.secret||t.message||t.value));else if(/[^a-zA-Z0-9]/.test(t.secret));else{for(var r,s,a,i=l.querySelectorAll('iframe[data-secret="'+t.secret+'"]'),n=l.querySelectorAll('blockquote[data-secret="'+t.secret+'"]'),o=0;o<n.length;o++)n[o].style.display="none";for(o=0;o<i.length;o++)if(r=i[o],e.source!==r.contentWindow);else{if(r.removeAttribute("style"),"height"===t.message){if(1e3<(s=parseInt(t.value,10)))s=1e3;else if(~~s<200)s=200;r.height=s}if("link"===t.message)if(s=l.createElement("a"),a=l.createElement("a"),s.href=r.getAttribute("src"),a.href=t.value,a.host===s.host)if(l.activeElement===r)c.top.location.href=t.value}}},e)c.addEventListener("message",c.wp.receiveEmbedMessage,!1),l.addEventListener("DOMContentLoaded",t,!1),c.addEventListener("load",t,!1);function t(){if(o);else{o=!0;for(var e,t,r,s=-1!==navigator.appVersion.indexOf("MSIE 10"),a=!!navigator.userAgent.match(/Trident.*rv:11\./),i=l.querySelectorAll("iframe.wp-embedded-content"),n=0;n<i.length;n++){if(!(r=(t=i[n]).getAttribute("data-secret")))r=Math.random().toString(36).substr(2,10),t.src+="#?secret="+r,t.setAttribute("data-secret",r);if(s||a)(e=t.cloneNode(!0)).removeAttribute("security"),t.parentNode.replaceChild(e,t);t.contentWindow.postMessage({message:"ready",secret:r},"*")}}}}(window,document);
</script>

În Anul Voluntariatului, prin intermediul celui mai mare proiect de voluntariat din Romania, „Let’s Do It, Romania!”, românii au demonstrat că le pasă de natură şi de ţara în care locuiesc şi au ieşit să cureţe întreaga Românie de deşeuri într-o singură zi. Peste 250 000 de romani au participat la Ziua de Curăţenie Naţională, depăşind succesul înregistrat anul [&hellip;]
