{"version":"1.0","provider_name":"CONSTANT - Conferin\u0163a studen\u0163easc\u0103 anual\u0103 &quot;Nicolae Titulescu&quot;","provider_url":"http:\/\/george2.univnt.ro","author_name":"adming2","author_url":"http:\/\/george2.univnt.ro\/index.php\/author\/adming2\/","title":"\u015ecoala de var\u0103, edi\u0163ia I, 2013 - CONSTANT - Conferin\u0163a studen\u0163easc\u0103 anual\u0103 &quot;Nicolae Titulescu&quot;","type":"rich","width":600,"height":338,"html":"<blockquote class=\"wp-embedded-content\" data-secret=\"qMnK2wtEkL\"><a href=\"http:\/\/george2.univnt.ro\/index.php\/scoala-de-vara-editia-i-2013\/\">\u015ecoala de var\u0103, edi\u0163ia I, 2013<\/a><\/blockquote><iframe sandbox=\"allow-scripts\" security=\"restricted\" src=\"http:\/\/george2.univnt.ro\/index.php\/scoala-de-vara-editia-i-2013\/embed\/#?secret=qMnK2wtEkL\" width=\"600\" height=\"338\" title=\"&#8220;\u015ecoala de var\u0103, edi\u0163ia I, 2013&#8221; &#8212; CONSTANT - Conferin\u0163a studen\u0163easc\u0103 anual\u0103 &quot;Nicolae Titulescu&quot;\" data-secret=\"qMnK2wtEkL\" frameborder=\"0\" marginwidth=\"0\" marginheight=\"0\" scrolling=\"no\" class=\"wp-embedded-content\"><\/iframe><script>\n\/*! This file is auto-generated *\/\n!function(c,l){\"use strict\";var e=!1,o=!1;if(l.querySelector)if(c.addEventListener)e=!0;if(c.wp=c.wp||{},c.wp.receiveEmbedMessage);else if(c.wp.receiveEmbedMessage=function(e){var t=e.data;if(!t);else if(!(t.secret||t.message||t.value));else if(\/[^a-zA-Z0-9]\/.test(t.secret));else{for(var r,s,a,i=l.querySelectorAll('iframe[data-secret=\"'+t.secret+'\"]'),n=l.querySelectorAll('blockquote[data-secret=\"'+t.secret+'\"]'),o=0;o<n.length;o++)n[o].style.display=\"none\";for(o=0;o<i.length;o++)if(r=i[o],e.source!==r.contentWindow);else{if(r.removeAttribute(\"style\"),\"height\"===t.message){if(1e3<(s=parseInt(t.value,10)))s=1e3;else if(~~s<200)s=200;r.height=s}if(\"link\"===t.message)if(s=l.createElement(\"a\"),a=l.createElement(\"a\"),s.href=r.getAttribute(\"src\"),a.href=t.value,a.host===s.host)if(l.activeElement===r)c.top.location.href=t.value}}},e)c.addEventListener(\"message\",c.wp.receiveEmbedMessage,!1),l.addEventListener(\"DOMContentLoaded\",t,!1),c.addEventListener(\"load\",t,!1);function t(){if(o);else{o=!0;for(var e,t,r,s=-1!==navigator.appVersion.indexOf(\"MSIE 10\"),a=!!navigator.userAgent.match(\/Trident.*rv:11\\.\/),i=l.querySelectorAll(\"iframe.wp-embedded-content\"),n=0;n<i.length;n++){if(!(r=(t=i[n]).getAttribute(\"data-secret\")))r=Math.random().toString(36).substr(2,10),t.src+=\"#?secret=\"+r,t.setAttribute(\"data-secret\",r);if(s||a)(e=t.cloneNode(!0)).removeAttribute(\"security\"),t.parentNode.replaceChild(e,t);t.contentWindow.postMessage({message:\"ready\",secret:r},\"*\")}}}}(window,document);\n<\/script>\n","description":"ZIUA 1: SOSIREA Am ajuns. U\u015for, u\u015for, cu ma\u015fina, cu trenul, grupuri-grupulete, \u00eentre orele 12-16 toat\u0103 echipa este prezent\u0103. Toat\u0103 echipa \u00eensemn\u00e2nd 35 de studen\u0163i \u015fi 8 cadre didactice ale Facult\u0103\u0163ii de Drept. Din fericire, se pare c\u0103 toat\u0103 ploaia a c\u0103zut \u00een ziua de duminic\u0103. Azi, ceva nori, dar f\u0103r\u0103 ploaie&#8230; Ba chiar, pe [&hellip;]","thumbnail_url":"http:\/\/www.univnt.ro\/upload\/stiri\/scoala_vara\/guestbook\/ioan_chis.png"}

CONSTANT - Conferinţa studenţească anuală &quot;Nicolae Titulescu&quot;

Şcoala de vară, ediţia I, 2013 - CONSTANT - Conferinţa studenţească anuală &quot;Nicolae Titulescu&quot;

<blockquote class="wp-embedded-content" data-secret="qMnK2wtEkL"><a href="http://george2.univnt.ro/index.php/scoala-de-vara-editia-i-2013/">Şcoala de vară, ediţia I, 2013</a></blockquote><iframe sandbox="allow-scripts" security="restricted" src="http://george2.univnt.ro/index.php/scoala-de-vara-editia-i-2013/embed/#?secret=qMnK2wtEkL" width="600" height="338" title="&#8220;Şcoala de vară, ediţia I, 2013&#8221; &#8212; CONSTANT - Conferinţa studenţească anuală &quot;Nicolae Titulescu&quot;" data-secret="qMnK2wtEkL" frameborder="0" marginwidth="0" marginheight="0" scrolling="no" class="wp-embedded-content"></iframe><script>
/*! This file is auto-generated */
!function(c,l){"use strict";var e=!1,o=!1;if(l.querySelector)if(c.addEventListener)e=!0;if(c.wp=c.wp||{},c.wp.receiveEmbedMessage);else if(c.wp.receiveEmbedMessage=function(e){var t=e.data;if(!t);else if(!(t.secret||t.message||t.value));else if(/[^a-zA-Z0-9]/.test(t.secret));else{for(var r,s,a,i=l.querySelectorAll('iframe[data-secret="'+t.secret+'"]'),n=l.querySelectorAll('blockquote[data-secret="'+t.secret+'"]'),o=0;o<n.length;o++)n[o].style.display="none";for(o=0;o<i.length;o++)if(r=i[o],e.source!==r.contentWindow);else{if(r.removeAttribute("style"),"height"===t.message){if(1e3<(s=parseInt(t.value,10)))s=1e3;else if(~~s<200)s=200;r.height=s}if("link"===t.message)if(s=l.createElement("a"),a=l.createElement("a"),s.href=r.getAttribute("src"),a.href=t.value,a.host===s.host)if(l.activeElement===r)c.top.location.href=t.value}}},e)c.addEventListener("message",c.wp.receiveEmbedMessage,!1),l.addEventListener("DOMContentLoaded",t,!1),c.addEventListener("load",t,!1);function t(){if(o);else{o=!0;for(var e,t,r,s=-1!==navigator.appVersion.indexOf("MSIE 10"),a=!!navigator.userAgent.match(/Trident.*rv:11\./),i=l.querySelectorAll("iframe.wp-embedded-content"),n=0;n<i.length;n++){if(!(r=(t=i[n]).getAttribute("data-secret")))r=Math.random().toString(36).substr(2,10),t.src+="#?secret="+r,t.setAttribute("data-secret",r);if(s||a)(e=t.cloneNode(!0)).removeAttribute("security"),t.parentNode.replaceChild(e,t);t.contentWindow.postMessage({message:"ready",secret:r},"*")}}}}(window,document);
</script>

ZIUA 1: SOSIREA Am ajuns. Uşor, uşor, cu maşina, cu trenul, grupuri-grupulete, între orele 12-16 toată echipa este prezentă. Toată echipa însemnând 35 de studenţi şi 8 cadre didactice ale Facultăţii de Drept. Din fericire, se pare că toată ploaia a căzut în ziua de duminică. Azi, ceva nori, dar fără ploaie&#8230; Ba chiar, pe [&hellip;]
