{"id":15,"date":"2022-12-01T11:40:40","date_gmt":"2022-12-01T11:40:40","guid":{"rendered":"http:\/\/george2.univnt.ro\/?page_id=15"},"modified":"2023-02-15T11:10:59","modified_gmt":"2023-02-15T11:10:59","slug":"editii_precedente","status":"publish","type":"page","link":"http:\/\/george2.univnt.ro\/index.php\/editii_precedente\/","title":{"rendered":"Edi\u021bii precedente"},"content":{"rendered":"\t\t<div data-elementor-type=\"wp-page\" data-elementor-id=\"15\" class=\"elementor elementor-15\">\n\t\t\t\t\t\t\t\t\t<section class=\"elementor-section elementor-top-section elementor-element elementor-element-40b38b3 elementor-section-boxed elementor-section-height-default elementor-section-height-default\" data-id=\"40b38b3\" data-element_type=\"section\">\n\t\t\t\t\t\t<div class=\"elementor-container elementor-column-gap-default\">\n\t\t\t\t\t<div class=\"elementor-column elementor-col-100 elementor-top-column elementor-element elementor-element-0e622da\" data-id=\"0e622da\" data-element_type=\"column\">\n\t\t\t<div class=\"elementor-widget-wrap elementor-element-populated\">\n\t\t\t\t\t\t\t\t<div class=\"elementor-element elementor-element-06d330f elementor-nav-menu__align-center elementor-nav-menu--dropdown-tablet elementor-nav-menu__text-align-aside elementor-nav-menu--toggle elementor-nav-menu--burger elementor-widget elementor-widget-nav-menu\" data-id=\"06d330f\" data-element_type=\"widget\" data-settings=\"{&quot;layout&quot;:&quot;vertical&quot;,&quot;submenu_icon&quot;:{&quot;value&quot;:&quot;&lt;i class=\\&quot;fas fa-caret-down\\&quot;&gt;&lt;\\\/i&gt;&quot;,&quot;library&quot;:&quot;fa-solid&quot;},&quot;toggle&quot;:&quot;burger&quot;}\" data-widget_type=\"nav-menu.default\">\n\t\t\t\t<div class=\"elementor-widget-container\">\n\t\t\t<link rel=\"stylesheet\" href=\"http:\/\/george2.univnt.ro\/wp-content\/plugins\/elementor-pro\/assets\/css\/widget-nav-menu.min.css\">\t\t\t<nav class=\"elementor-nav-menu--main elementor-nav-menu__container elementor-nav-menu--layout-vertical e--pointer-underline e--animation-fade\">\n\t\t\t\t<ul id=\"menu-1-06d330f\" class=\"elementor-nav-menu sm-vertical\"><li class=\"menu-item menu-item-type-post_type menu-item-object-page menu-item-128\"><a href=\"http:\/\/george2.univnt.ro\/index.php\/constant-2022\/\" class=\"elementor-item\">Constant 2022<\/a><\/li>\n<li class=\"menu-item menu-item-type-post_type menu-item-object-page menu-item-127\"><a href=\"http:\/\/george2.univnt.ro\/index.php\/constant-2021\/\" class=\"elementor-item\">Constant 2021<\/a><\/li>\n<li class=\"menu-item menu-item-type-post_type menu-item-object-page menu-item-126\"><a href=\"http:\/\/george2.univnt.ro\/index.php\/constant-2020\/\" class=\"elementor-item\">Constant 2020<\/a><\/li>\n<li class=\"menu-item menu-item-type-post_type menu-item-object-page menu-item-125\"><a href=\"http:\/\/george2.univnt.ro\/index.php\/constant-2019\/\" class=\"elementor-item\">Constant 2019<\/a><\/li>\n<li class=\"menu-item menu-item-type-post_type menu-item-object-page menu-item-124\"><a href=\"http:\/\/george2.univnt.ro\/index.php\/constant-2018\/\" class=\"elementor-item\">Constant 2018<\/a><\/li>\n<li class=\"menu-item menu-item-type-post_type menu-item-object-page menu-item-130\"><a href=\"http:\/\/george2.univnt.ro\/index.php\/constant-2017\/\" class=\"elementor-item\">Constant 2017<\/a><\/li>\n<li class=\"menu-item menu-item-type-post_type menu-item-object-page menu-item-123\"><a href=\"http:\/\/george2.univnt.ro\/index.php\/constant-2016\/\" class=\"elementor-item\">Constant 2016<\/a><\/li>\n<li class=\"menu-item menu-item-type-post_type menu-item-object-page menu-item-122\"><a href=\"http:\/\/george2.univnt.ro\/index.php\/constant-2015\/\" class=\"elementor-item\">Constant 2015<\/a><\/li>\n<li class=\"menu-item menu-item-type-post_type menu-item-object-page menu-item-121\"><a href=\"http:\/\/george2.univnt.ro\/index.php\/constant-2014\/\" class=\"elementor-item\">Constant 2014<\/a><\/li>\n<li class=\"menu-item menu-item-type-post_type menu-item-object-page menu-item-120\"><a href=\"http:\/\/george2.univnt.ro\/index.php\/constant-2013\/\" class=\"elementor-item\">Constant 2013<\/a><\/li>\n<li class=\"menu-item menu-item-type-post_type menu-item-object-page menu-item-119\"><a href=\"http:\/\/george2.univnt.ro\/index.php\/constant-2012\/\" class=\"elementor-item\">Constant 2012<\/a><\/li>\n<li class=\"menu-item menu-item-type-post_type menu-item-object-page menu-item-118\"><a href=\"http:\/\/george2.univnt.ro\/index.php\/constant-2011\/\" class=\"elementor-item\">Constant 2011<\/a><\/li>\n<\/ul>\t\t\t<\/nav>\n\t\t\t\t\t<div class=\"elementor-menu-toggle\" role=\"button\" tabindex=\"0\" aria-label=\"Menu Toggle\" aria-expanded=\"false\">\n\t\t\t<i aria-hidden=\"true\" role=\"presentation\" class=\"elementor-menu-toggle__icon--open eicon-menu-bar\"><\/i><i aria-hidden=\"true\" role=\"presentation\" class=\"elementor-menu-toggle__icon--close eicon-close\"><\/i>\t\t\t<span class=\"elementor-screen-only\">Menu<\/span>\n\t\t<\/div>\n\t\t\t\t\t<nav class=\"elementor-nav-menu--dropdown elementor-nav-menu__container\" aria-hidden=\"true\">\n\t\t\t\t<ul id=\"menu-2-06d330f\" class=\"elementor-nav-menu sm-vertical\"><li class=\"menu-item menu-item-type-post_type menu-item-object-page menu-item-128\"><a href=\"http:\/\/george2.univnt.ro\/index.php\/constant-2022\/\" class=\"elementor-item\" tabindex=\"-1\">Constant 2022<\/a><\/li>\n<li class=\"menu-item menu-item-type-post_type menu-item-object-page menu-item-127\"><a href=\"http:\/\/george2.univnt.ro\/index.php\/constant-2021\/\" class=\"elementor-item\" tabindex=\"-1\">Constant 2021<\/a><\/li>\n<li class=\"menu-item menu-item-type-post_type menu-item-object-page menu-item-126\"><a href=\"http:\/\/george2.univnt.ro\/index.php\/constant-2020\/\" class=\"elementor-item\" tabindex=\"-1\">Constant 2020<\/a><\/li>\n<li class=\"menu-item menu-item-type-post_type menu-item-object-page menu-item-125\"><a href=\"http:\/\/george2.univnt.ro\/index.php\/constant-2019\/\" class=\"elementor-item\" tabindex=\"-1\">Constant 2019<\/a><\/li>\n<li class=\"menu-item menu-item-type-post_type menu-item-object-page menu-item-124\"><a href=\"http:\/\/george2.univnt.ro\/index.php\/constant-2018\/\" class=\"elementor-item\" tabindex=\"-1\">Constant 2018<\/a><\/li>\n<li class=\"menu-item menu-item-type-post_type menu-item-object-page menu-item-130\"><a href=\"http:\/\/george2.univnt.ro\/index.php\/constant-2017\/\" class=\"elementor-item\" tabindex=\"-1\">Constant 2017<\/a><\/li>\n<li class=\"menu-item menu-item-type-post_type menu-item-object-page menu-item-123\"><a href=\"http:\/\/george2.univnt.ro\/index.php\/constant-2016\/\" class=\"elementor-item\" tabindex=\"-1\">Constant 2016<\/a><\/li>\n<li class=\"menu-item menu-item-type-post_type menu-item-object-page menu-item-122\"><a href=\"http:\/\/george2.univnt.ro\/index.php\/constant-2015\/\" class=\"elementor-item\" tabindex=\"-1\">Constant 2015<\/a><\/li>\n<li class=\"menu-item menu-item-type-post_type menu-item-object-page menu-item-121\"><a href=\"http:\/\/george2.univnt.ro\/index.php\/constant-2014\/\" class=\"elementor-item\" tabindex=\"-1\">Constant 2014<\/a><\/li>\n<li class=\"menu-item menu-item-type-post_type menu-item-object-page menu-item-120\"><a href=\"http:\/\/george2.univnt.ro\/index.php\/constant-2013\/\" class=\"elementor-item\" tabindex=\"-1\">Constant 2013<\/a><\/li>\n<li class=\"menu-item menu-item-type-post_type menu-item-object-page menu-item-119\"><a href=\"http:\/\/george2.univnt.ro\/index.php\/constant-2012\/\" class=\"elementor-item\" tabindex=\"-1\">Constant 2012<\/a><\/li>\n<li class=\"menu-item menu-item-type-post_type menu-item-object-page menu-item-118\"><a href=\"http:\/\/george2.univnt.ro\/index.php\/constant-2011\/\" class=\"elementor-item\" tabindex=\"-1\">Constant 2011<\/a><\/li>\n<\/ul>\t\t\t<\/nav>\n\t\t\t\t<\/div>\n\t\t\t\t<\/div>\n\t\t\t\t\t<\/div>\n\t\t<\/div>\n\t\t\t\t\t\t\t<\/div>\n\t\t<\/section>\n\t\t\t\t\t\t\t<\/div>\n\t\t","protected":false},"excerpt":{"rendered":"","protected":false},"author":1,"featured_media":0,"parent":0,"menu_order":0,"comment_status":"closed","ping_status":"closed","template":"","meta":[],"yoast_head":"<!-- This site is optimized with the Yoast SEO plugin v20.2 - https:\/\/yoast.com\/wordpress\/plugins\/seo\/ -->\n<title>Edi\u021bii precedente - CONSTANT - Conferin\u0163a studen\u0163easc\u0103 anual\u0103 &quot;Nicolae Titulescu&quot;<\/title>\n<meta name=\"robots\" content=\"noindex, follow, max-snippet:-1, max-image-preview:large, max-video-preview:-1\" \/>\n<meta property=\"og:locale\" content=\"en_US\" \/>\n<meta property=\"og:type\" content=\"article\" \/>\n<meta property=\"og:title\" content=\"Edi\u021bii precedente - CONSTANT - Conferin\u0163a studen\u0163easc\u0103 anual\u0103 &quot;Nicolae Titulescu&quot;\" \/>\n<meta property=\"og:url\" content=\"http:\/\/george2.univnt.ro\/index.php\/editii_precedente\/\" \/>\n<meta property=\"og:site_name\" content=\"CONSTANT - Conferin\u0163a studen\u0163easc\u0103 anual\u0103 &quot;Nicolae Titulescu&quot;\" \/>\n<meta property=\"article:modified_time\" content=\"2023-02-15T11:10:59+00:00\" \/>\n<meta name=\"twitter:card\" content=\"summary_large_image\" \/>\n<script type=\"application\/ld+json\" class=\"yoast-schema-graph\">{\"@context\":\"https:\/\/schema.org\",\"@graph\":[{\"@type\":\"WebPage\",\"@id\":\"http:\/\/george2.univnt.ro\/index.php\/editii_precedente\/\",\"url\":\"http:\/\/george2.univnt.ro\/index.php\/editii_precedente\/\",\"name\":\"Edi\u021bii precedente - CONSTANT - Conferin\u0163a studen\u0163easc\u0103 anual\u0103 &quot;Nicolae Titulescu&quot;\",\"isPartOf\":{\"@id\":\"http:\/\/george2.univnt.ro\/#website\"},\"datePublished\":\"2022-12-01T11:40:40+00:00\",\"dateModified\":\"2023-02-15T11:10:59+00:00\",\"breadcrumb\":{\"@id\":\"http:\/\/george2.univnt.ro\/index.php\/editii_precedente\/#breadcrumb\"},\"inLanguage\":\"en-US\",\"potentialAction\":[{\"@type\":\"ReadAction\",\"target\":[\"http:\/\/george2.univnt.ro\/index.php\/editii_precedente\/\"]}]},{\"@type\":\"BreadcrumbList\",\"@id\":\"http:\/\/george2.univnt.ro\/index.php\/editii_precedente\/#breadcrumb\",\"itemListElement\":[{\"@type\":\"ListItem\",\"position\":1,\"name\":\"Acas\u0103\",\"item\":\"http:\/\/george2.univnt.ro\/\"},{\"@type\":\"ListItem\",\"position\":2,\"name\":\"Edi\u021bii precedente\"}]},{\"@type\":\"WebSite\",\"@id\":\"http:\/\/george2.univnt.ro\/#website\",\"url\":\"http:\/\/george2.univnt.ro\/\",\"name\":\"CONSTANT - Conferin\u0163a studen\u0163easc\u0103 anual\u0103 &quot;Nicolae Titulescu&quot;\",\"description\":\"Conferin\u0163a studen\u0163easc\u0103 anual\u0103 &quot;Nicolae Titulescu&quot; CONSTANT\",\"publisher\":{\"@id\":\"http:\/\/george2.univnt.ro\/#organization\"},\"potentialAction\":[{\"@type\":\"SearchAction\",\"target\":{\"@type\":\"EntryPoint\",\"urlTemplate\":\"http:\/\/george2.univnt.ro\/?s={search_term_string}\"},\"query-input\":\"required name=search_term_string\"}],\"inLanguage\":\"en-US\"},{\"@type\":\"Organization\",\"@id\":\"http:\/\/george2.univnt.ro\/#organization\",\"name\":\"CONSTANT - Conferin\u0163a studen\u0163easc\u0103 anual\u0103 &quot;Nicolae Titulescu&quot;\",\"url\":\"http:\/\/george2.univnt.ro\/\",\"logo\":{\"@type\":\"ImageObject\",\"inLanguage\":\"en-US\",\"@id\":\"http:\/\/george2.univnt.ro\/#\/schema\/logo\/image\/\",\"url\":\"http:\/\/george2.univnt.ro\/wp-content\/uploads\/2022\/12\/cropped-logo-univnt.png\",\"contentUrl\":\"http:\/\/george2.univnt.ro\/wp-content\/uploads\/2022\/12\/cropped-logo-univnt.png\",\"width\":190,\"height\":190,\"caption\":\"CONSTANT - Conferin\u0163a studen\u0163easc\u0103 anual\u0103 &quot;Nicolae Titulescu&quot;\"},\"image\":{\"@id\":\"http:\/\/george2.univnt.ro\/#\/schema\/logo\/image\/\"}}]}<\/script>\n<!-- \/ Yoast SEO plugin. -->","yoast_head_json":{"title":"Edi\u021bii precedente - CONSTANT - Conferin\u0163a studen\u0163easc\u0103 anual\u0103 &quot;Nicolae Titulescu&quot;","robots":{"index":"noindex","follow":"follow","max-snippet":"max-snippet:-1","max-image-preview":"max-image-preview:large","max-video-preview":"max-video-preview:-1"},"og_locale":"en_US","og_type":"article","og_title":"Edi\u021bii precedente - CONSTANT - Conferin\u0163a studen\u0163easc\u0103 anual\u0103 &quot;Nicolae Titulescu&quot;","og_url":"http:\/\/george2.univnt.ro\/index.php\/editii_precedente\/","og_site_name":"CONSTANT - Conferin\u0163a studen\u0163easc\u0103 anual\u0103 &quot;Nicolae Titulescu&quot;","article_modified_time":"2023-02-15T11:10:59+00:00","twitter_card":"summary_large_image","schema":{"@context":"https:\/\/schema.org","@graph":[{"@type":"WebPage","@id":"http:\/\/george2.univnt.ro\/index.php\/editii_precedente\/","url":"http:\/\/george2.univnt.ro\/index.php\/editii_precedente\/","name":"Edi\u021bii precedente - CONSTANT - Conferin\u0163a studen\u0163easc\u0103 anual\u0103 &quot;Nicolae Titulescu&quot;","isPartOf":{"@id":"http:\/\/george2.univnt.ro\/#website"},"datePublished":"2022-12-01T11:40:40+00:00","dateModified":"2023-02-15T11:10:59+00:00","breadcrumb":{"@id":"http:\/\/george2.univnt.ro\/index.php\/editii_precedente\/#breadcrumb"},"inLanguage":"en-US","potentialAction":[{"@type":"ReadAction","target":["http:\/\/george2.univnt.ro\/index.php\/editii_precedente\/"]}]},{"@type":"BreadcrumbList","@id":"http:\/\/george2.univnt.ro\/index.php\/editii_precedente\/#breadcrumb","itemListElement":[{"@type":"ListItem","position":1,"name":"Acas\u0103","item":"http:\/\/george2.univnt.ro\/"},{"@type":"ListItem","position":2,"name":"Edi\u021bii precedente"}]},{"@type":"WebSite","@id":"http:\/\/george2.univnt.ro\/#website","url":"http:\/\/george2.univnt.ro\/","name":"CONSTANT - Conferin\u0163a studen\u0163easc\u0103 anual\u0103 &quot;Nicolae Titulescu&quot;","description":"Conferin\u0163a studen\u0163easc\u0103 anual\u0103 &quot;Nicolae Titulescu&quot; CONSTANT","publisher":{"@id":"http:\/\/george2.univnt.ro\/#organization"},"potentialAction":[{"@type":"SearchAction","target":{"@type":"EntryPoint","urlTemplate":"http:\/\/george2.univnt.ro\/?s={search_term_string}"},"query-input":"required name=search_term_string"}],"inLanguage":"en-US"},{"@type":"Organization","@id":"http:\/\/george2.univnt.ro\/#organization","name":"CONSTANT - Conferin\u0163a studen\u0163easc\u0103 anual\u0103 &quot;Nicolae Titulescu&quot;","url":"http:\/\/george2.univnt.ro\/","logo":{"@type":"ImageObject","inLanguage":"en-US","@id":"http:\/\/george2.univnt.ro\/#\/schema\/logo\/image\/","url":"http:\/\/george2.univnt.ro\/wp-content\/uploads\/2022\/12\/cropped-logo-univnt.png","contentUrl":"http:\/\/george2.univnt.ro\/wp-content\/uploads\/2022\/12\/cropped-logo-univnt.png","width":190,"height":190,"caption":"CONSTANT - Conferin\u0163a studen\u0163easc\u0103 anual\u0103 &quot;Nicolae Titulescu&quot;"},"image":{"@id":"http:\/\/george2.univnt.ro\/#\/schema\/logo\/image\/"}}]}},"_links":{"self":[{"href":"http:\/\/george2.univnt.ro\/index.php\/wp-json\/wp\/v2\/pages\/15"}],"collection":[{"href":"http:\/\/george2.univnt.ro\/index.php\/wp-json\/wp\/v2\/pages"}],"about":[{"href":"http:\/\/george2.univnt.ro\/index.php\/wp-json\/wp\/v2\/types\/page"}],"author":[{"embeddable":true,"href":"http:\/\/george2.univnt.ro\/index.php\/wp-json\/wp\/v2\/users\/1"}],"replies":[{"embeddable":true,"href":"http:\/\/george2.univnt.ro\/index.php\/wp-json\/wp\/v2\/comments?post=15"}],"version-history":[{"count":34,"href":"http:\/\/george2.univnt.ro\/index.php\/wp-json\/wp\/v2\/pages\/15\/revisions"}],"predecessor-version":[{"id":1156,"href":"http:\/\/george2.univnt.ro\/index.php\/wp-json\/wp\/v2\/pages\/15\/revisions\/1156"}],"wp:attachment":[{"href":"http:\/\/george2.univnt.ro\/index.php\/wp-json\/wp\/v2\/media?parent=15"}],"curies":[{"name":"wp","href":"https:\/\/api.w.org\/{rel}","templated":true}]}}